= 2*o - 108 - s*o + 116. Give h(10).
-2
Let s(n) = 118*n - 2596. Let a be s(22). Let x(w) = 3*w - 24. What is x(a)?
-24
Suppose -5*q + 2*l - 53 + 101 = 0, -28 = -3*q + 2*l. Let r(z) = 3*z - 14. Calculate r(q).
16
Let y(i) = i**2 - 9*i + 4. Let g = 263 + 53. Let j = 324 - g. What is y(j)?
-4
Let d = -38 - -38. Let s be 10 + (-1 - 1) - (3 + -1). Let u(p) = -2*p + 13. Let t(k) = k - 7. Let l(x) = s*u(x) + 11*t(x). What is l(d)?
1
Let p be (5705/(-25))/(-7) + 2/5. Suppose 37*y = p*y - 20. Let d(m) = -7*m - 4*m**2 + 2 + 7*m**2 + 0*m + m**3. Calculate d(y).
-13
Let n(l) be the third derivative of -l**5/60 + l**4/12 - 4*l**2. Let t be (-12)/(-14)*((-1232)/12)/(-44). Calculate n(t).
0
Let k(i) = 6*i + 302. Let f(b) = b + 162. Let y(w) = -5*f(w) + 3*k(w). Calculate y(-8).
-8
Let m(f) = 8*f**2 - 2*f**2 - 2889287*f**3 - 6*f - 5 + 2889288*f**3. What is m(-7)?
-12
Let j(q) = -q - 38. Let b(r) = 4*r + 128. Let n(p) = b(p) + 3*j(p). Suppose -100 = 9*u + u. What is n(u)?
4
Let y(c) be the third derivative of c**5/60 - c**4/6 + c**3/2 - 851*c**2. Let b = -22 - -26. What is y(b)?
3
Suppose 340*h - 336*h - 12 = 0. Suppose -2*q - h*b - 9 = -4*q, -5*q + 35 = 5*b. Let l(z) = z - 3. Calculate l(q).
3
Let v(i) = -413*i + 852*i - 433*i - 4. Give v(8).
44
Let c(m) be the second derivative of -m**6/120 + m**5/4 - 13*m**4/24 - 3*m**3 + 93*m**2/2 + 2*m + 19. Let v(s) be the first derivative of c(s). Determine v(14).
-4
Let a(f) be the first derivative of f**3/3 + 7*f**2/2 - f + 8749. Calculate a(-6).
-7
Let t(z) be the first derivative of z**4/4 + 2*z**3/3 - 4*z**2 - z + 33226. Let b(l) = -l**2 + 6*l + 3. Let a be b(7). What is t(a)?
-1
Let u(g) = -g**3 - 25*g**2 - 20*g + 49. Suppose 3*z + 268 = 253, 2*a = 6*z - 18. Give u(a).
-47
Let w(r) = r**3 - 10*r**2 + 5*r + 8. Let p = -4180 + 4190. Determine w(p).
58
Let y(t) = 143*t + 5432. Let b be y(-38). Let u(m) = 2*m. Give u(b).
-4
Let s(j) = -j**3 + 9*j**2 - j + 12. Let t be 6*1/6*-2. Let x(z) = z**3 - 5*z**2 - 25. Let d be x(6). Let w = t + d. Give s(w).
3
Let k be (-255)/(-75) + 6/10. Let d(z) = z + z - 4*z**2 + 32 - 4*z - 28 + z**3. What is d(k)?
-4
Let c(b) be the second derivative of b**4/12 + 2*b**3/3 + b**2/2 - 10701*b. Suppose 2 - 16 = 2*x. What is c(x)?
22
Let b(a) = 12 - 63*a**2 + a**3 - 33 + 68*a**2. What is b(-4)?
-5
Let l(f) = 2*f**2 - 3*f - 2. Let c = 236 + -238. Let h(o) = -54*o - 110. Let q be h(c). What is l(q)?
12
Let m(q) = q**3 - 8*q**2 + 6*q + 9. Let k be 4/1 - (-9)/(-9). Suppose 0 = 10*h + k*h - 351. Suppose -h*g = -23*g - 28. Give m(g).
2
Let v(u) = 3*u - 2 - 3*u + 0 - 5*u. Let g be 11 - ((-4900)/(-25))/14. Calculate v(g).
13
Suppose -7*l = 42*l - 686. Suppose -l*m + 11*m = -18. Let k(v) = v**3 - 6*v**2 + 7. Calculate k(m).
7
Let o = 18 - 22. Let i(p) be the third derivative of -p**5/60 - p**4/4 - p**3/3 + p**2 + 12. What is i(o)?
6
Let k(y) be the first derivative of -5*y**3/3 + 13*y**2 + 18. Let g be k(5). Let d(n) = -2 + n + 4 - 7. Give d(g).
0
Let t(z) = -7*z**2 - z. Let l(y) be the third derivative of -y**4/4 - 55*y**3/3 - 87*y**2. Let o be l(-18). What is t(o)?
-26
Let i(n) = n - 3. Let b(x) = -x. Let f(l) = 5*l - 5. Let k(g) = 4*b(g) + f(g). Let a be k(4). Let o be i(a). Let c(s) = 3*s - 2. Determine c(o).
-14
Let t be (192/(-72)*7/((-56)/(-198)))/2. Let i(u) = u + 12. Determine i(t).
-21
Let m(a) be the first derivative of a**4/4 - 14*a**3/3 - 8*a**2 + 24*a - 2416. What is m(15)?
9
Let n = 3615 + -3613. Let p(g) = -5*g + 6. Give p(n).
-4
Let f(j) be the third derivative of j**8/5040 + j**7/2520 + j**6/720 - j**5/20 - 29*j**3/6 - 15*j**2. Let h(r) be the third derivative of f(r). What is h(-1)?
3
Let u = 3272 - 3272. Let z(s) = s**2 + 3*s + 9. What is z(u)?
9
Let k(h) be the third derivative of -h**5/120 + h**4/6 - 2*h**3 + 4*h**2. Let a(f) be the first derivative of k(f). Suppose -11*j + 7 + 92 = 0. Determine a(j).
-5
Let k(o) = o**3 + 2*o**2 + 2*o + 2. Let u(w) = -7*w**3 - 23*w**2 - 16*w + 1. Let h(i) = -6*k(i) - u(i). What is h(-11)?
-57
Let a = 46536 + -46539. Let o(l) be the first derivative of -l**5/120 + l**4/6 + l**3/3 - 1. Let t(f) be the third derivative of o(f). Calculate t(a).
7
Let h(s) = s**2 + 20*s + 34. Suppose 0 = -63*b + 26*b - 740. Calculate h(b).
34
Let z(h) = -h**2 - 5*h - 6. Let g be z(4). Let k = -47 - g. Let m(j) be the third derivative of -j**4/8 - 2*j**3/3 + 5*j**2. Determine m(k).
11
Let z(b) = 2 - 48 + 64*b - 63 - 43*b. Calculate z(5).
-4
Let p(s) = s**2 - 22*s - 118. Let z(m) = m**2 - 22*m - 79. Let d(l) = -4*p(l) + 5*z(l). Give d(18).
5
Let v = 16 + -9. Let a(b) be the first derivative of 3*b**2/2 - 16*b - 5. Determine a(v).
5
Let m(d) = 9*d**2 + 10*d + 1. Let r be m(-7). Let l be (r/18)/(4/6). Let s = -32 + l. Let p(k) = k**2 + 2*k. Determine p(s).
-1
Suppose -17*c + 12 = -23*c. Let m be (-11)/c - (5/(-2) - -2). Let g(p) = -1 + 4 - 4*p - 4*p + 4*p**2 - 3*p**2. Calculate g(m).
-9
Suppose 52*u = 16*u - 176*u + 1908. Let k(s) = -2*s - 7. Let o(q) = -q. Let y(p) = -k(p) + 4*o(p). What is y(u)?
-11
Suppose -9*f = -10*f + 3, -2*y = 5*f - 15. Let g(m) = -m**3 + 4*m**2 + 2*m - 2. Let p(z) = -z**3 + 5*z**2 + 3*z - 1. Let v(j) = 4*g(j) - 3*p(j). Give v(y).
-5
Let f(r) = -9*r - 7. Let k be ((-2)/6)/(9/27)*4. Determine f(k).
29
Let a(y) = -3*y**3 + y**2 + 5*y + 5. Let v be a(-2). Suppose 0 = -12*t - 13 - v. Let w(r) = -r**3 - 3*r**2 - 2*r + 3. Give w(t).
9
Let p(s) = -64*s + 134. Let w(m) = -m**3 + m**2 + m + 2. Let n be w(0). Give p(n).
6
Let b be (1*-8)/(2 + -1). Let v be (3/2)/((-27)/1008*-7). Let k(c) = -9*c**2 - 9*c**3 - c + v*c**3 - 8 - 9*c. Calculate k(b).
8
Suppose 3*z + 4*t = 5 + 6, -2*z - 5*t + 5 = 0. Let g(i) = 3*i**2 - 8*i - 6. Let s(b) = -3*b**2 + 7*b + 5. Let n(f) = z*g(f) + 6*s(f). Determine n(2).
-8
Let x(f) = -9*f**3 + 3*f**2 - 2*f. Suppose 0 = -t + a - 4, 4*a = -3*t - 0 + 30. What is x(t)?
-64
Let s = -472 + 665. Let v = -191 + s. Let a(b) = 4*b + 4. What is a(v)?
12
Let n(d) = 12447*d**3 - 6227*d**3 + 6*d - 13*d**2 - 6219*d**3. What is n(13)?
78
Let m = -81 - -87. Let d(k) = 35*k - 4*k**3 - 34*k + 0*k**3 - m + 3*k**3 + 7*k**2. What is d(7)?
1
Let b(f) = f**2 - 2*f - 44. Let i be (-18)/15*150/(-45) + -11. Determine b(i).
19
Let c(p) = 2 - 3*p**3 + 71*p - 38 - 660*p**2 + 658*p**2 - 73*p + 4*p**3. Determine c(0).
-36
Suppose -2*a - 10 = 3*a. Let b = -2142 - -2141. Let k be 2/a + (b - -4 - 6). Let p(c) = -2*c - 2. Give p(k).
6
Let g(h) = h**2 - 9*h + 8. Let f be (546/52)/((-2)/4). Let y be 6/f + 10/35. Suppose r + y*r = -4*s + 23, -5*r - 25 = 0. What is g(s)?
-6
Let z(v) be the second derivative of v**4/6 + 17*v**3/3 + 7*v**2 + 1968*v. Determine z(-15).
-46
Let r(c) = 9*c**2 - 7*c + 30. Let q(p) = -p**2 + 2*p - 4. Let k(i) = 8*q(i) + r(i). Calculate k(-10).
8
Let m(g) = -g**2 - 7*g - 7. Suppose r + 3*r = 20. Suppose -3*t + 3 = r*f - 2*t, 5 = 3*f - t. Suppose 0 = -2*o - f - 11. Give m(o).
-1
Let g(l) be the first derivative of l**5/120 + l**4/6 + 16*l**3 + 2*l - 18. Let r(h) be the third derivative of g(h). Let c = -3 - -6. Calculate r(c).
7
Let j(g) = g**3 - 6*g**2 - 8*g + 4. Suppose -2*r + 7*r = -2*h - 20, 2*r = -h - 8. Suppose 5*l = -s - 18, l + 12 = s - h*l. Determine j(s).
-3
Suppose 3*z - 253 = 4*v - 257, 4 = 4*z + 4*v. Let s(p) = -22*p - 11. Determine s(z).
-11
Let y(m) = -m**3 + 14*m**2 - 13*m + 6. Let z(x) = 2*x**3 - 15*x**2 + 13*x - 5. Let l(w) = 3*y(w) + 2*z(w). Let o = -11599 - -11586. Determine l(o).
8
Let c(v) = -3 - 7*v**2 - 111*v + 6 + 111*v + v**3. Let b be c(7). Let q(g) = g**3 - 3*g**2 + 3. Give q(b).
3
Suppose -17 = -3*u + 10. Let m(n) = -2*n + 18. Let g be m(u). Let s(o) be the second derivative of o**5/20 - o**3/6 + 6*o**2 + 20*o - 3. Give s(g).
12
Let i(m) = -2*m - 1. Let l(v) = -2*v**3 - v**2 + 9*v. Let s be l(3). Let d = s - -30. Let r be (-10)/d*(-3)/1. What is i(r)?
9
Let r(o) = -2 + 3 + 0*o**2 + 7*o**2. Let p be r(-1). Let j(m) be the second derivative of -m**3/6 + 5*m**2/2 + 13125*m. Determine j(p).
-3
Let h(v) = -35 + 1 - 32 - 14 - 28*v + 7. Calculate h(-3).
11
Let d = 81 - 77. Suppose -d*m = 4*u + 360, -3*u + 76 = -4*m - 256. Let g = -90 - m. Let w(s) = s**3 + 3*s**2 - 3*s - 1. Give w(g).
-5
Let k(u) = -14*u - 18. Let c(a) = 26*a + 29. Let y(b) = 3*c(b) + 5*k(b). Determine y(7).
53
Let w(b) = b**2 + b + 6. Let o be w(-3). Suppo